j) a composite number?
False
Suppose -4*t - 3*g + 8264 = 0, 8315 = 4*t + 2*g + 47. Let l = t - -1872. Is l a prime number?
False
Let l be 4/(-6)*(-8 - -2). Suppose -6 = 2*x - l*x. Suppose -x*f - 2*f + 1105 = 0. Is f a composite number?
True
Suppose 0 = 2*m + 4*t + 1046, 2*m + 2*t = 3*m + 535. Let o = -1255 - m. Let a = o + 1237. Is a a prime number?
False
Is (-4)/3 + (8 - (-91380)/36) prime?
False
Let o(i) = i**2 - 9*i - 16. Let x be o(-13). Let n = x + -173. Is n a prime number?
True
Let h = -2 + 4. Suppose 3*i + h*i + 590 = 0. Let c = i + 245. Is c prime?
True
Suppose 45 - 5 = -2*q. Let k be 4/((-22)/q - 1). Is k + (-2 + 1 - 2) a composite number?
False
Suppose 5*d + 2*i - 130 = d, -3*d + 3*i = -75. Let m(c) = -3*c + 10*c + d*c + 1 - 4*c. Is m(2) a prime number?
True
Let u(o) = -566*o + 21. Let x be u(-4). Is x/(-10)*(-4 + -2) a composite number?
True
Let g be (2 + -2)*(1 - 2). Let p be 1344 - ((7 - g) + -3). Suppose -5*v = -2*h + 682, 4*h + v = 5*v + p. Is h a prime number?
True
Suppose 8*f = -50*f + 3839890. Is f prime?
False
Suppose -4*w = 5*t - 7349, 3*t + 9178 = 5*w + t. Let u = 3959 - w. Is u a composite number?
True
Suppose -285 = 3*s - 6*s. Let l = s - 4. Is l prime?
False
Let i = 5825 + 1290. Is i prime?
False
Let x(y) = 3*y**2 - 13*y + 12. Let v be x(8). Suppose -3*z = 291 - 822. Suppose 7*w = -3*f + 2*w + v, -5*f = -2*w - z. Is f a prime number?
False
Let i(v) = -281*v - 5. Let o be i(-4). Let u = -1619 + o. Let t = 835 + u. Is t prime?
False
Suppose -4*d = -25061 + 10073. Is d composite?
True
Let j(g) = -505*g + 43. Is j(-8) a composite number?
True
Suppose -48 = 5*d - 9*d. Suppose -n = 3*i - d, -2*i + 0 = n - 9. Suppose 0 = -n*r - r + 4604. Is r composite?
False
Is (-1)/(-5) - 70127*(-12)/30 a prime number?
True
Suppose 0 = 5*z - 93 + 33. Let t = -12 + z. Suppose t = 7*g - 2*g - 215. Is g a prime number?
True
Let u = -172 + 60. Let k = u + 491. Is k a prime number?
True
Suppose 29*c - f - 1485 = 27*c, -3*c + f + 2230 = 0. Is c a prime number?
False
Suppose -3*h + 93 = 78. Suppose -h*x + 3*x + 946 = 0. Is x a prime number?
False
Let m(t) = 76*t**2 - 19*t - 13. Is m(-4) composite?
False
Let p be (-2634)/4*120/(-18) + -1. Suppose 2*w = -5*b + p, 2*b + 4*w + w = 1764. Is b composite?
False
Let j(w) be the third derivative of -47*w**4/8 + 7*w**3/3 - 34*w**2. Is j(-15) prime?
True
Let n(g) = -177*g**3 - 12*g**2 - 6*g - 4. Is n(-5) a composite number?
False
Suppose 0 = -3*b - 15, -4*b = 26*a - 23*a - 61885. Is a a composite number?
True
Let v = 10584 - 7447. Is v a prime number?
True
Let t(z) = 912*z**2 + 12*z - 5. Is t(4) prime?
False
Suppose -l + 9 = 1. Suppose 0 = 2*v + l, o + 72 = 3*o + 5*v. Suppose 5*p - 20 = 0, 2*p - 4*p = 2*t - o. Is t prime?
True
Suppose 15 = v + 4*t - t, 0 = -4*v - 5*t + 53. Suppose 0 = 4*o - v, -156 = 3*f + 5*o - 1296. Suppose -593 = -8*c + f. Is c a prime number?
False
Suppose -9*v - 12*v + 371091 = 0. Is v composite?
True
Let g(f) = 4*f + 5. Let q be g(9). Suppose 4*h + 70 - 278 = c, 3*c + q = h. Is h composite?
False
Suppose 3*d + 4 = 5*s - 6521, s + 4*d = 1305. Suppose h + 1047 = -q + 5*q, s = 5*q - 2*h. Is q composite?
False
Suppose -70 = 2*d + 3*d - 5*f, -40 = 3*d - 2*f. Let x(h) = -11*h - 16. Let i be x(d). Suppose 3*k - k + 4*b - 122 = 0, 2*k = 2*b + i. Is k prime?
True
Suppose 6 = -3*o + 15. Let g be 43 - (0 - 3)/o. Let u = g + -22. Is u prime?
False
Suppose 4*b - 12 + 4 = 0. Is (2/(-2)*293)/(b - 3) prime?
True
Let p(f) = f**3 + 33*f**2 + 13*f - 50. Is p(-12) a composite number?
True
Let r(h) = 101*h**3 - 10*h - 97*h**3 + 11*h**2 + 13 - 1. Let m be r(-9). Is m/(-12) + (-12)/(-16) a composite number?
True
Suppose -1642 = 5*d - 7*d. Is d composite?
False
Let b(y) = -y**2 - 11*y - 16. Let a be b(-9). Let d be 0/a + -4 + -3. Is (-8)/56 - 1870/d composite?
True
Suppose l - 3*c - 4986 = -0*l, 2*l = 4*c + 9962. Is l a prime number?
False
Suppose 14*b - 18723 = 118379. Is b a prime number?
False
Let v = 1233 - 82. Is v a composite number?
False
Suppose 0 = 2*r - 957 + 2313. Let t = 2052 - 695. Let i = t + r. Is i prime?
False
Let a(n) = n**3 - 22*n**2 - 21*n + 36. Let o be a(16). Let b = o + 3455. Is b prime?
True
Let u(g) be the second derivative of 1/3*g**3 + 15/2*g**4 + 2*g + 0 - 1/2*g**2. Is u(1) a composite number?
True
Suppose -7 = -4*j + 4*k - 3*k, -4*k + 26 = 2*j. Suppose -2*x + 265 = -y - 425, x - 4*y - 345 = 0. Suppose j*i = 72 + x. Is i a prime number?
True
Let i be (-20)/3*(-36)/(-30). Let p = i + 11. Suppose 0 = -3*v + p*s + 69, -3*v - s + 15 = -50. Is v a composite number?
True
Let q be (-1 - (-353)/4) + (-3)/(-4). Suppose 12 = 4*r - 0*r. Is q/12 - 1/r prime?
True
Suppose -4*b - 6 = -50. Let c(m) = -18*m + 6 + 2 - b*m. Is c(-7) a composite number?
False
Suppose -38*r = -39*r. Suppose -n = 2*n + 9, 2*d + 3*n - 4289 = r. Is d a composite number?
True
Let m = 35607 - 5158. Is m a prime number?
True
Let k be 4/(-18) + (-22)/(-99). Let x(d) = -d**2 - 2*d + 287. Is x(k) prime?
False
Let w = -2623 + 5160. Let d = w - 1750. Is d a composite number?
False
Let h(m) = -951*m + 4. Let b be h(7). Let o = -3939 - b. Suppose -2*p - 592 + o = 0. Is p a composite number?
False
Suppose 0 = -5*p - 4*p + 162. Let w = -14 + p. Suppose w*k - 1244 = -0*k. Is k a composite number?
False
Let f = -1701 - -4092. Is f prime?
False
Let n = 12062 + -3119. Let j = n + -6154. Is j composite?
False
Let r be ((-4)/(-10))/(4/192100). Suppose -5*i + 5*b + r = 0, -26871 = -5*i - 5*b - 7611. Is i a prime number?
True
Let f(m) = 495*m**2 - 9*m - 6. Let a be f(-6). Suppose 0 = -0*q + 4*q - a. Suppose 5*k - 2*i - q = 0, 0*i - 2693 = -3*k - 2*i. Is k a composite number?
True
Suppose 8*m + 21008 = -10392. Let w = 5772 + m. Is w a composite number?
False
Suppose 5*w = 4*z + 11525, -3*w + 15*z - 10*z = -6915. Is w a composite number?
True
Let q(j) = -4*j**3 - 7*j**2 + 4*j + 20. Let c(i) = -3*i**3 - 8*i**2 + 3*i + 19. Let z(h) = -3*c(h) + 2*q(h). Is z(-6) composite?
True
Let m(v) = 2*v**2 + 2*v - 2. Let h be m(-2). Let k(o) be the second derivative of 11*o**5/5 - o**4/3 + 5*o**3/6 - 5*o**2/2 + 10*o. Is k(h) prime?
False
Let x(a) = -2*a - 3. Let o be x(-2). Suppose -j - 1 = 3*p - 6, -5*p + 2*j + 1 = 0. Is (13/o)/(p/23) prime?
False
Suppose 14*u + 13 = 55. Suppose -5*o + 7091 = -3*j, 0*j - 4253 = -u*o + j. Is o prime?
False
Suppose -h = 5*i - 37751 + 5423, -3*i + 97044 = 3*h. Is h prime?
True
Suppose 2*d + 3*b = 24022, 13*d - 60055 = 8*d + 4*b. Is d a prime number?
True
Let y be (-110)/(-30) - (-2)/(-3). Suppose 212 = y*t - t. Is t prime?
False
Let s = 14 + -14. Suppose -t + 3*b + s*b = -11, -3*b - 17 = 5*t. Is (-81 + (-2 - -4))*t prime?
True
Let p = 22 + -19. Suppose 4*i = p*w + 36, -4*w - 4 = 2*i - 22. Is i/6*(-872)/(-12) prime?
True
Suppose -19*n = -28193 - 326. Is n a prime number?
False
Let w(g) = -g + 6. Let h be w(6). Let r(n) = 7*n + 123. Is r(h) composite?
True
Let b = -5 - -2. Let h be (-2)/(-9) - 143/117. Is h + 48 + 7 + b prime?
False
Let h be (-580)/(-80)*94*2. Suppose 3*l = 4*l - h. Is l a prime number?
False
Let k = 502693 + -275288. Is k a prime number?
False
Suppose -8*i + 4*i + 64 = 0. Let r = i - 31. Let f = 50 + r. Is f a composite number?
True
Let f(t) = 8*t + 1861. Is f(0) a prime number?
True
Let a(x) = -x**2 + 9*x - 7. Let w be a(6). Let q = 8 - w. Is 390/20*(-10)/q composite?
True
Let h(x) = -x**3 + x + 12. Let l be h(0). Suppose 2*b - 5*b + l = 0. Suppose -p + 4*u = -487, -u = -b*p - 3*u + 2020. Is p composite?
False
Let g(l) be the second derivative of l**4/4 - 7*l**3/3 - 3*l**2/2 - 2*l. Suppose 43 = 3*x + 13. Is g(x) prime?
True
Suppose 107 = 2*d + 25. Suppose 0*u + 24 = 6*u. Suppose 637 - d = u*n. Is n composite?
False
Let u = 33 + -31. Suppose -4*i - u - 6 = 0. Is (4 + -61)*i/6 prime?
True
Let w(r) = -3*r**3 - 8*r**2 - 6*r + 7. Let q be w(-5). Let o = 9 - 5. Suppose 0 = -z - 0*z - 3*d + 53, 0 = o*z + d - q. Is z a prime number?
True
Let j = -1001 + 355. Let o = 345 - j. Is o prime?
True
Let j(p) = -6*p**3 + 7*p**3 + 3*p - 4*p**2 + 0*p**3 - 4. Let d be j(4). Let k(z) = z**3 - 10*z + 11. Is k(d) prime?
True
Suppose 0 = 4*h - 8, -6*q + 3293 = -5*q - h. Suppose d - q = 526. Is d prime?
True
Let u = -9 - -12. Suppose 3*k - 4*q + 2821 = 0, 5*k - u*q - 2*q = -4695. Let d = k + 1522. Is d composite?
False
Let r(w) 